7*a(n) + 4*t(n). Give u(-3).
-7
Let h(y) = -y + 4*y + 0 - 1. Let w = 5 - 3. Suppose -q = -w*v + 1 + 3, 2 = 4*q - 2*v. What is h(q)?
5
Let u(h) = 3*h - 5. Suppose 2*t + 12 + 0 = 0. Determine u(t).
-23
Let c(u) = -u - 12. Suppose 3*b + 5*i + 26 = -25, 4*b + 5*i + 63 = 0. Give c(b).
0
Let y(s) = -10*s**2 + 3 - 4*s**3 + 3*s**2 + 5*s**3 - 1 + 6*s. Determine y(6).
2
Let c(b) = -b**3 + 6*b**2 - 5*b - 3. Suppose 4*w = 2*g - 2, 0 = -4*w + 5*g - 6 + 1. Suppose -2*u = -0*m - m - 6, w = -3*u + 5*m + 2. Calculate c(u).
9
Let s(l) = 8*l + 1. Let k(x) = x**3 - 5*x**2 - 6*x - 2. Let q be k(6). Calculate s(q).
-15
Let u(a) = -a**3 + 6*a**2 + 7*a + 4. Let y = 12 + -18. Let i = 1 - y. Calculate u(i).
4
Let u(k) = -k**2 + 4*k + 7. Let c(d) = -d - 1. Let x(f) = 4*c(f) + u(f). Let n be (1 - (1 - 0)) + 0. Give x(n).
3
Suppose -w = -3*w + 8. Suppose w*q - b + 23 = 0, 4*q + b - 6*b = -19. Let i(x) = -x**3 - 6*x**2. Calculate i(q).
0
Let u = 928 - 921. Let k(t) = -4 + 0*t - 5*t - 2 - t**3 + 8*t**2. Calculate k(u).
8
Let q(l) = -3*l. Let x(f) = f - 6. Suppose 2*d = d + 5. Let c be x(d). Calculate q(c).
3
Let h(g) = -g**3 + g**2 + g - 2. Let r be (8/(-16))/(2/(-8)). Give h(r).
-4
Let z(s) = -s**2 + 11*s - 10. Let d(m) = -m**3 - 16*m**2 - 27*m + 24. Let o be d(-14). What is z(o)?
0
Let c(d) = -d**3 + 8*d**2 - 10*d + 8. Let v(i) = -i - 1. Let t be v(-7). Determine c(t).
20
Let z(g) = -3*g + 2. Let f be z(-1). Suppose -2*o + 1 + 0 = -f*x, 6 = -2*x - 2*o. Let p(j) = -5*j + 1. Calculate p(x).
6
Let x(i) = -3 - 6 - 80*i + 81*i. Give x(0).
-9
Suppose -6*o + 3*v - 12 = -3*o, 2*v = 5*o + 8. Let i(m) be the second derivative of -1/20*m**5 + 1/6*m**3 + m**2 + m + o - 1/6*m**4. Calculate i(-2).
0
Let x be -2*(-3 + 4) + 12. Suppose g + g = x. Let p(y) be the third derivative of -y**6/120 + y**5/15 + y**4/12 + y**3 - y**2. What is p(g)?
-9
Let c(d) = -14*d - 1. Let q(h) = -27*h - 2. Let v(l) = 11*c(l) - 6*q(l). Let n(m) = -9*m - 1. Let t(o) = 6*n(o) + 7*v(o). What is t(1)?
3
Let q(w) = -71 + 38 + 34 - 5*w. What is q(-2)?
11
Suppose -127 = 4*r - 147. Let d(t) = 7*t - 29. Let k(s) = 4*s - 15. Let y(w) = -3*d(w) + 5*k(w). Determine y(r).
7
Let h(t) be the second derivative of t**4/2 + t**3/2 - t**2 - 6*t + 3. Determine h(1).
7
Let h(u) = 6*u + 6. Suppose -16 = 37*c - 33*c. What is h(c)?
-18
Let a(k) = -k**2 + 4*k + 1. Let b be a(5). Let d(n) = 3*n**3 + 3*n**2 + 3*n + 4. Let m(z) = 7*z**3 + 5*z**2 + 5*z + 9. Let o(g) = -5*d(g) + 2*m(g). Give o(b).
2
Suppose -87 = p - 4*p. Let h = 44 - p. Let q be -3*(1 + h/(-9)). Let f(z) = 3*z - 2. Calculate f(q).
4
Let f(s) = -2*s + 4. Let g(u) = -u**2 - 5*u + 5. Let a be g(-6). Let c = a - -1. Suppose 2*w - 2*t = c, 0 = -w - 2*w + t + 6. Calculate f(w).
-2
Let f(x) be the first derivative of -x**4/4 - 3*x**3 - 3*x - 5. Let n(b) = b**2 - b + 1. Let h(r) = -f(r) - 4*n(r). Let z = 6 + -10. Calculate h(z).
-1
Suppose 0 = -2*r - 3*q - 7, 2*r + 5*q + 3 + 6 = 0. Let t(c) = -4*c - 11. Let i(a) = 3*a + 7. Let w(k) = -8*i(k) - 5*t(k). Calculate w(r).
7
Let j(n) = 6*n**3 - 2*n**2 - 2*n. Let g be j(2). Let a = g + -22. Let h(l) = a - 14 + l. Calculate h(5).
5
Let z be (6/(-4))/(12/(-16)). Let c(p) be the first derivative of 2*p**3/3 - p**2 + 2*p - 11. Calculate c(z).
6
Let g(q) = -1 - 22*q**2 - 3 + q + 23*q**2. Suppose 5*s - 4*w - 34 + 7 = 0, 3*w + 3 = -2*s. Calculate g(s).
8
Let v be 1/3*-3 + -1. Let o(l) = 3*l**2 + 2. Calculate o(v).
14
Let l(m) = -3218 + 3218 - 4*m**2 - m**2. Give l(1).
-5
Let v(a) = 14*a - 2*a**2 + a**2 + 5 - 4 - 10*a. What is v(3)?
4
Let a(i) = i**2 - i - 51. Let m be a(8). Let h(k) = 6*k - 4. Determine h(m).
26
Let x(c) = -c**2 + c + 2. Let m(j) = 5 - 2 + j + 0 - 4. Let u be m(4). What is x(u)?
-4
Suppose 8*w = 3*w. Let l(m) = m**2 + m - 6. What is l(w)?
-6
Let x(w) = -3 + 3 + 2*w - w**2 - 7*w**2 - 1. Suppose -4*f - 5*c - 7 = 0, -5*c - 9 = 3*f - 0*f. Suppose -2 = 2*t - f*g + 2, -4*t - g = -7. Calculate x(t).
-7
Let x = 0 + -1. Let c(t) = 74*t - 143*t + 70*t. Let p(a) = -a**2 + 5*a. Let i(k) = x*p(k) - 2*c(k). What is i(5)?
-10
Let i(h) = 6*h**3. Let d be (-18)/24 + 2/(-8). Let w = d + 3. Suppose -3 = w*m - 5*m. Calculate i(m).
6
Let i(g) = -2*g**2 + 2*g + 1. Let t = 4 - 7. Let w be 1*(t - (-3 - 2)). Give i(w).
-3
Let q be 0 - (-1 + (2 - 1)). Let k be 2 - q*(-1)/(-2). Let r(d) = -d**3 + 3*d**2 - 2*d + 2. Give r(k).
2
Let c(d) = d**3 + 3*d**2 - 5. Let j be c(-3). Let t(q) = q**2 + 5*q + 5. Determine t(j).
5
Let c(j) = -j**2 + 4*j + 5. Let n be -2 + (-1)/1 + 1. Let l = -2 - n. Let p = l + 5. What is c(p)?
0
Let b(z) = -6*z - 4. Let m = 0 + -3. What is b(m)?
14
Let f(i) = i**3 - i + 4. Let x = 10 - 6. Suppose 3*r + x*g + 4 = 10, -g = 0. Let q be r/(-4)*0*-1. Determine f(q).
4
Let r(d) = -2*d**2 + 13*d + 4. Let a be r(7). Let i(j) be the third derivative of j**5/60 + j**4/24 + j**3/3 + j**2. Give i(a).
8
Suppose -4*r + 16 = -0*r. Let j(l) = 13*l**2 + 3*l - 17. Let t(c) = 7*c**2 + 2*c - 9. Let k(o) = 6*j(o) - 11*t(o). Determine k(r).
-3
Let u(q) be the first derivative of -q**4/12 + q**3/6 - 2*q**2 - q - 3. Let n(c) be the first derivative of u(c). Let h be 0/1*2/4. What is n(h)?
-4
Suppose -7 = 5*f - h - 0, 2*h = -2*f - 10. Let t(l) = l + 5. Let p(y) = -y - 3. Let g(c) = -5*p(c) - 3*t(c). What is g(f)?
-4
Let r(v) = 2*v**2 - v**2 - 98*v - 1 + 96*v. What is r(4)?
7
Let z(b) = b**2 - 6*b - 5. Let h be (-3)/(36/(-4)) + 17/3. What is z(h)?
-5
Let i(m) = -4 + 2*m + m + 6. Let s(l) = l**2 + 6*l - 2. Let j be s(-6). Calculate i(j).
-4
Suppose 0 = m + 3*m. Let u be (1 + m)/(2/8). Let a(t) be the third derivative of -t**5/60 + t**4/8 + t**3/3 + t**2. What is a(u)?
-2
Suppose -2*r - 3 - 1 = 0. Let j(b) be the first derivative of -b - 1/2*b**2 + 8. What is j(r)?
1
Let r(o) = -5*o**2 - 2*o**2 + 6*o + 3 - o**3 + 0*o**2 + 4*o**2. Determine r(-4).
-5
Let s(b) = 91 - 2*b**2 - 100 + b**2. What is s(0)?
-9
Let p(u) be the first derivative of -u**3/3 - u**2/2 + 11*u + 5. Calculate p(0).
11
Suppose 9 = 3*t - 9. Let u be (-2)/t - 4/6. Let z(s) = 2*s**3 - 4*s**3 + 5*s + 2*s**2 - 3*s + 1. Give z(u).
3
Let y(g) be the second derivative of g**3/6 - 7*g**2/2 + 45*g. Calculate y(6).
-1
Let z be (-6)/8*16/(-4). Let f be (-3)/(-1) + 2 + -3. Let g(b) = f*b - b**2 + 4 - 2*b. Determine g(z).
-5
Let f(l) = l**2 + 6*l + 6. Let b be f(-5). Suppose -5*z = -11 + 1. Let k be (z - b)/(0 - 1). Let n(d) = d**2 + d. Calculate n(k).
0
Let j(b) be the third derivative of b**4/24 - b**3/3 - 2*b**2. Determine j(-6).
-8
Let d(s) = -s**2 - 5*s + s**3 - 2*s + 5 - s**2. Suppose 7*p - 12*p = -20. Determine d(p).
9
Let c(k) = 2*k**2 - 6 + 3*k - k**2 - 4*k. Suppose 18 = -3*n + 18. Determine c(n).
-6
Let n(q) = q - 2. Suppose -6*d - 17 = 25. Determine n(d).
-9
Let i(p) = -4*p - 40. Let l(t) = -2*t - 19. Let x(u) = -3*i(u) + 7*l(u). Calculate x(-6).
-1
Let q(d) = -5*d**2 + d + 1. Let k = 30 - 31. Determine q(k).
-5
Let r(w) = w - 5. Suppose 6*z - 4*z = 8. Calculate r(z).
-1
Let g(o) = -5*o**3 - 11*o**2 + 3*o + 4. Let k(a) = a**3 - 10*a**3 + 7 - 21*a**2 + 6*a + 1. Suppose 12 = -4*u + 56. Let f(s) = u*g(s) - 6*k(s). Determine f(4).
0
Let g(k) = k**2 + 5*k + 3. Let u be (3/2)/(18/(-24)). Let z be g(u). Let c(b) = b**3 + 3*b**2 - 2*b - 1. Give c(z).
5
Let k(g) = -12*g**2 - g. Let x = -68 + 67. Determine k(x).
-11
Let f(s) = s + 1. Let j = -2 + 0. Let m be ((-14)/4 + 2)*j. Suppose -b - 4*x = 17, -b - m + 1 = -x. What is f(b)?
-4
Let l = -3 + 0. Let p be 1/3 - (-13)/l. Let g(m) be the third derivative of -m**5/60 - m**4/8 + 5*m**3/6 - 4*m**2. Give g(p).
1
Suppose 3*c = 5*r - 22, 2*r - c = -6*c + 15. Let a(w) be the third derivative of w**2 + 1/10*w**5 + 0 - 1/2*w**3 - 5/24*w**4 - 1/120*w**6 + 0*w. Calculate a(r).
-3
Suppose -3*h + 10 = 2*h. Let m(u) = u - 3*u**2 - 3 - u + 2 - u**3 - h*u. Let q be (-2 - -5)/((-3)/2). What is m(q)?
-1
Let g(s) = -s - 1. Let h(y) = y + 2 - 2. Let z(a) = 4*g(a) + 3*h(a). Suppose 0*t + 3*t = 0. Give z(t).
-4
Let t(f) = f - 45 + 45 + 5*f**2. Give t(-1).
4
Let h(r) = -r**3 + 6*r**2 - r - 3. Let u = -13 - -18. Calculate h(u).
17
Let m(b) = 4*b**2 - 2*b**2 - 3*b**2 - b**2. Calculate m(1).
-2
Let o(j) = -j - 7. Let g = 7 - 5. Let n = 7 - g. Give o(n).
-12
Let m be -2 + (-1 + 1)/3. Let k(l) = 3*l + 4 + 7 - 9. Determine k(m).
-4
Let v(k) = 1 + k + k + 0*k + 7*k**2. Let f = -20 - 